, 2*i = 3*f - 99. Is f composite?
False
Suppose -i = -2*i. Suppose -3*z - 556 = -0*q - 2*q, q - 5*z - 292 = i. Suppose l + 294 = 4*h, 5*l - q = -5*h + 108. Is h a composite number?
True
Let a(s) = -s + 1. Let h be a(-2). Suppose 5*v = 3*o + 166, -2*v + 0*o + 79 = h*o. Is v prime?
False
Suppose -v = v - 18. Let k(x) = 2*x - x + 1 - v*x. Is k(-3) prime?
False
Let k = 25 + -18. Suppose -9 = 4*w + k. Let n(h) = -3*h + 3. Is n(w) prime?
False
Let b(t) = 4*t**2 - 14*t + 6. Let v be b(-15). Suppose -2*y = 2*a - 448, 2*a - 7*a - y + v = 0. Is a a prime number?
True
Suppose -2*v = 2*v - 12. Suppose 15 = g - 0*g - v*d, -2*d + 4 = 4*g. Suppose g*w + 175 - 514 = 0. Is w a composite number?
False
Let k(a) = 6*a**2 - 2*a - 5. Let f be k(5). Suppose -p = -6*p + f. Is (-2)/(-8) - p/(-4) prime?
True
Let v = 75 + -40. Suppose 5*s - 1 = -f, -2*f + 102 - v = -3*s. Is f a composite number?
True
Let r = 250 - 89. Is r a prime number?
False
Let t = -50 - -117. Is t composite?
False
Let x(a) = 478*a - 1. Is x(2) a prime number?
False
Is (-2407)/(-1) - (-2 + -2) a prime number?
True
Suppose -s + 84 = -5*a, -5*a = 5*s - 367 + 67. Let v = s - -3. Is v a prime number?
True
Suppose -h + 2*h - 1 = 0. Is (-1 + h + -59)*-1 prime?
True
Suppose 4*o - 458 = -2*s, 0 = 3*s - 4*o + o - 660. Is s a prime number?
True
Suppose -3*j + 46 = -386. Suppose j = -4*k + 32. Is (-625)/(-7) + 8/k a composite number?
False
Let r be (-4)/(-8) + 2/(-4). Suppose r = 2*o - 938 - 836. Is o composite?
False
Let n = 18 + -9. Let u be (-3)/(-1*n/15). Is u/10*(-236)/(-2) composite?
False
Let g be ((-171)/4)/(3/(-24)). Suppose -g = -4*q - 966. Is (2/3)/((-8)/q) composite?
False
Suppose -g + 227 = -3*n, -2*g + n - 115 + 589 = 0. Is g a prime number?
True
Let q(i) = -50*i**3 - 5*i**2 - 5*i - 3. Is q(-4) a prime number?
True
Suppose -3*d - 8 = -2*f + 14, -4*f - 16 = 0. Let a = -5 - d. Suppose 5*o + 2*r = 109, -105 = -a*o - 4*r - 2. Is o a composite number?
False
Let w be (-2)/3 + (-14)/(-3). Suppose 3*o + 5 = -w. Let f = 12 + o. Is f a composite number?
True
Let u(v) = -v**3 - v**2 + v + 3. Let s be u(0). Suppose 6 = -2*j + 2, -2*r + 5*j + 1560 = 0. Suppose 2*z = -s*z + r. Is z composite?
True
Suppose -2*x = 3*x - 15. Suppose -4*t + n + 35 + 12 = 0, 4*n = t - 8. Suppose x*b - b - t = 0. Is b a composite number?
True
Let q(w) = 3 + w + 2 - 2. Let v be q(-5). Let z = v + 21. Is z a prime number?
True
Suppose 8*r + 7 - 23 = 0. Suppose 4*v = 495 - 111. Suppose 0 = -s + r*w + w + 33, -3*w - v = -4*s. Is s composite?
True
Let m(w) = -2*w - 1. Let g be m(-1). Suppose -4*t - 6 - g = -k, 3*k - 53 = -4*t. Is k prime?
False
Suppose 1421 = 4*g - b - 2*b, 4*b = 5*g - 1777. Is g a prime number?
True
Suppose 0 = 4*s - 6*s. Suppose s = 5*f - 366 + 76. Is f prime?
False
Is -162*186/(-16) + 3/(-12) a composite number?
True
Let i(g) = g + 15. Let m be i(-12). Suppose 4*u - 2*n - 121 = 117, m*n - 49 = -u. Is u composite?
True
Let q = 6 + -1. Suppose q*g = 4*b + 333 - 78, -5*b = 5*g - 210. Is g prime?
True
Suppose 3*q - 15 = -w, 5*q + w - 20 = 3. Suppose -2*y - q*o = -0*o - 50, 23 = y + o. Is y a prime number?
False
Is ((-1)/3)/((-6)/4014) a composite number?
False
Suppose -4*i - t = -195, -5*i = -2*i + t - 145. Let o = i - 29. Is o prime?
False
Suppose 12 = -0*o + 3*o. Let d(r) = 28*r + 1. Is d(o) prime?
True
Let z(y) = 2*y**2 - 5*y + 2. Let h be z(5). Suppose -j - 118 - h = 0. Is ((-1 - -1) + -1)*j a prime number?
False
Let t be (2/4)/((-3)/(-12)). Suppose t*y - 4 + 0 = 0. Suppose -x + 14 = y*g - 16, 0 = -4*g - 5*x + 60. Is g a composite number?
True
Let u(x) = 0 + 1 - 3*x**3 + 2*x + 6*x**2 - 2 + 2*x**3. Let f be u(5). Let o = f - -17. Is o a prime number?
False
Suppose 2*g - 7*g + 40 = 0. Suppose 30 = 2*l + 3*m, -4*l = l - 3*m - 75. Let t = g + l. Is t composite?
False
Let j be (-3)/(-2)*-6 + -1. Let o(u) = 4 + 3 - 13*u - 6. Is o(j) prime?
True
Let b = 189 - 66. Is b prime?
False
Suppose s = 5*s - 2576. Suppose 4*r + 0*r = s. Is r a prime number?
False
Let c be (-441)/(-6)*2/3. Suppose 3*h - 4*t + 8*t = 132, 3*t = -h + c. Suppose u - 3*i = -0*u + h, i - 73 = -2*u. Is u prime?
True
Let f(o) = o**2 - 10*o - 7. Let k be f(11). Is 8*k + 2 + 1 a composite number?
True
Let v(d) = 3*d**2 - 7*d + 6. Let l be v(4). Let u = l - 4. Let k = u - 0. Is k a prime number?
False
Let z(s) = 62*s - 12. Let y(n) = -61*n + 11. Let m(w) = -5*y(w) - 4*z(w). Is m(8) prime?
True
Let g be 10*25 + (0 - 3). Suppose -g = -4*b + 109. Is b a composite number?
False
Let t(s) = 2*s - 9. Let m be t(7). Let i be m/2 - 1/(-2). Suppose -i*l + 22 = -l. Is l composite?
False
Let v = -14 - 38. Let g = -82 - v. Let o = g - -53. Is o a prime number?
True
Suppose -1006 = -6*w - 136. Is w a prime number?
False
Let k(l) = -1 - 3*l - 5*l - 2*l. Is k(-1) a prime number?
False
Let y(i) = 61*i - 7. Is y(20) a composite number?
False
Let c be (-3)/(-2 + -4)*4. Suppose -2*g + 8 = c*g. Is ((-34)/(g + -1))/(-1) composite?
True
Suppose 4 = -4*q - 3*g + 1, g = q - 1. Suppose q*z = -3*n - 3*z + 36, 3*z = 9. Suppose -3*f + 3 = 0, n*f - 4*f = 4*x - 167. Is x composite?
False
Is 205 - (0 + 0)/(-1) a prime number?
False
Suppose -4*v - 18 = -y, y - v + 2 = -2*v. Suppose -4*a = w - 2, y*a - 6*a - 4 = 4*w. Is 3/w*106/(-3) a composite number?
False
Suppose 3*k - 206 = k. Suppose -2*v + 0 + k = 3*a, 5*v - 238 = -a. Is v a composite number?
False
Let t(k) = 25*k**2 + 6. Is t(5) a composite number?
False
Let v(c) = -c**2 + 10*c + 11. Let r be v(8). Let t be (-2)/9 - (-141)/r. Suppose -y = -t*y + 76. Is y composite?
False
Let u be -7 + -2*(-1)/2. Let z be (-1 - u)*(0 + -1). Is 7 + -8 - z*2 prime?
False
Let w(z) = 10*z**2 - z**3 + 0 + 1 + 0*z**2 - 5 - 12*z. Is w(7) a prime number?
True
Let j = -403 - -1209. Let v = -513 + j. Is v composite?
False
Suppose 4*d = -4*x + 10800, 0 = 3*x - 2*d - 9648 + 1523. Is x composite?
True
Let x be ((-4)/(-6))/((-2)/(-6)). Suppose x = v - 0. Suppose v*f = -f + a + 197, 2*a = 2*f - 134. Is f prime?
False
Suppose -3*l + 8*l + t - 844 = 0, -t - 164 = -l. Let h = l + -83. Is h composite?
True
Let u(t) = -t**3 - 10*t**2 - t - 8. Let d be u(-10). Let b be -1*1 - d/(-2). Suppose -z - 3*z + 308 = b. Is z a prime number?
False
Suppose 2*q + 4*z - 3841 = -3*q, 4*q - 3075 = -z. Is q composite?
False
Suppose -1 = -a + q, 3*q = -0*a - 2*a - 8. Let f be 3 - (1 + a + -1). Suppose 4*r - 160 = f*m - 8, 4*r - 5*m = 155. Is r composite?
True
Let w be (30/(-9))/((-2)/3). Suppose -w*r + 118 = -4*o, -r + 11 = -4*o - o. Is r a composite number?
True
Suppose 2*r + 4*n - 16 = 0, -2*n - 3*n + 20 = 0. Let z(u) = -u + 1. Let q be z(-2). Suppose 26 = h - 5*k - r*k, -4*h = q*k - 81. Is h a composite number?
True
Let f(i) = 2 + 5*i**3 - 4*i**3 - 6*i**2 + 0*i**3 + 5*i. Let h be f(5). Suppose 0 = -c + 3*t + h*t + 53, -5*t = -2*c + 86. Is c a prime number?
False
Let k(n) = 1003*n. Is k(1) a prime number?
False
Let z(b) = 2*b - 7. Let p be z(5). Suppose 4*m + 326 = p*j, 3*j - 308 = 4*m - 9*m. Is j a composite number?
True
Let f(y) = y**3 + 5*y**2 + 3*y - 4. Let l be f(-4). Suppose -4*o - 4 + l = 0. Is (-1)/o*11*5 a prime number?
False
Let d(b) be the third derivative of -5*b**4/4 - b**3/2 + 2*b**2. Is d(-2) composite?
True
Let z be -96 - 6 - (-4)/(-2). Let x = -49 - z. Is x composite?
True
Let r be (-394 + 1)*(-2)/(-6). Let t = -82 - r. Is t a prime number?
False
Let s(k) = -k**3 + 5*k**2 + 2*k - 6. Let w be s(5). Suppose -w*c + 13 = -3*p - 21, -4*c - 2*p + 44 = 0. Is c composite?
True
Let i(y) = 0 + 6 + 2*y**3 - 4 + 7*y - 8*y**2. Let r be i(5). Suppose 3*f - 212 = w - r, f - w = 39. Is f prime?
True
Let x be -5 + 2 + 0/(-2). Let j(t) = t**3 + 3*t**2 + 3. Let r be j(x). Suppose -5*u = -r*u - 102. Is u a composite number?
True
Let s(j) = j**2 - j - 2. Let g be s(-2). Suppose -g*i + 812 = -0*i. Is i a prime number?
False
Let b(q) = -1 - 10*q + 0 - 4 - q**2. Let n(o) = -2*o**2 - 19*o - 11. Let c(z) = 13*b(z) - 6*n(z). Is c(-8) composite?
True
Is (557/(-3))/((-3)/9) composite?
False
Suppose -9*i = -7*i - 758. Is i prime?
True
Suppose 6*f - 1392 = 2*f. Let n = -137 + f. Is n a prime number?
True
Let k(b) = b**2 - 4*b**2 + 2*b**2 + 7*b**2 - 2*b + b**3 - 2. Let f(l) = l**3 - 2*l - 2. Let w be f(-2). Is k(w) a composite number?
True
Let b = 5 + 0. Suppose -20 = b*d, 2*d + 374 = 4*r - 590. Is r p